55 = q, -3*q + 5*k = -3271. Is q composite?
False
Let p be (-2378)/319 + 12/(-22). Let v(u) = -7*u**3 - 14*u**2 - 16*u + 7. Is v(p) a prime number?
False
Let n(j) = -j**3 - 4*j**2 - 3*j + 2. Let x be (-6)/4 + 15/(-10). Let o be n(x). Is 4 - o/(32/(-12))*1948 a prime number?
False
Let l(u) be the first derivative of -u**3/3 + 4*u**2 + 13*u - 17. Let h be l(-3). Is ((72/h)/6)/((-2)/970) composite?
True
Is 3325/(-1330) + 1652222/4 prime?
True
Let m = 5 - 7. Let d be (-1)/m*7/((-42)/(-90456)). Suppose 5*o - d + 733 = 0. Is o prime?
True
Suppose -656*v + 687*v = 1426651. Is v prime?
True
Let x = -174 - 673. Let w = -305 - x. Suppose -417 - w = -u. Is u a prime number?
False
Let x(w) = 181*w + 33. Let h be x(7). Suppose -10 = -3*t - 2*t, -l - 4*t + 2707 = 0. Let v = l - h. Is v a prime number?
True
Let b(k) = 867421*k**3 - 8*k**2 - 37*k + 45. Is b(1) a composite number?
True
Let q(y) = -8465*y - 16889. Is q(-12) a prime number?
True
Suppose 4*l + 1 = 9. Let y(z) = 1685*z**2 - 3*z + 2. Let c be y(-2). Suppose -5*f + 8419 = 3*k, -4*f = l*k - 6*k - c. Is f composite?
True
Suppose 599 = -5*l - r + 21684, -3*r - 8434 = -2*l. Is 2/(-6)*-1*(l - -10) prime?
True
Suppose t = 11*p - 12*p + 1710, 5*p = t - 1734. Let j = t + -912. Is j prime?
False
Let j(r) = 10759*r + 4762. Is j(9) a composite number?
True
Suppose -137*y + 22 = -126*y. Let k(a) = 2*a - 3. Let j be k(3). Suppose j*t = l + 934, 0*t + 3*l - 619 = -y*t. Is t composite?
False
Suppose -88*i + 92*i - 2*v = 1865968, 0 = -5*i - v + 2332439. Is i a composite number?
True
Suppose -5 = -t + 2*a, 2*a = 3*t - 4*t + 1. Suppose 54*y = 49*y - 2*b + 16225, 3*y + t*b - 9726 = 0. Is y a prime number?
False
Suppose 2*t - h = -0*h + 7, 13 = 3*t - h. Suppose 0 = -g + t*g - 2*u - 4565, 0 = 4*u + 20. Is g a prime number?
True
Let i = 42520 + -21909. Is i a prime number?
True
Suppose 360 = 5*z - 5. Let g = -73 + z. Suppose -2*m = 0, -r - 3*r + 5*m + 6524 = g. Is r a prime number?
False
Let n = -335 + -1660. Is (n/266)/(-1 - (-1519)/1522) composite?
True
Is (-3 - (1 + -5))*(313095*-1)/(-3) composite?
True
Suppose 34*y - 510 - 680 = 0. Is 733/(y/(-14) - -3) a prime number?
False
Let h = 179 - 184. Is (28/(-4) - h) + 615 composite?
False
Suppose 5*b - 2*f - 26306 = 0, 5*f + 9442 = 2*b - 1072. Is (3/(-9) + 1)*b/4 composite?
False
Suppose 13514 = n + 3*i, 2*n - 2*i = 9650 + 17370. Is n composite?
True
Let b(g) be the first derivative of g**4 - 14*g**3/3 - 13*g**2/2 + 6*g - 78. Is b(11) prime?
False
Suppose -24 + 6 = -6*m. Suppose -m*v + 13765 = 4*i, 0 = 3*v + 5*i - 1678 - 12085. Is v prime?
True
Suppose 12*f = 2*f + 28190. Suppose -2*z + t = -0*z - f, 0 = 4*z + 5*t - 5659. Is z a prime number?
False
Let y(c) = c**2 - 91*c + 409. Is y(-93) composite?
True
Is 38374/210*-6*(-130)/4 a composite number?
True
Let q = 10550 - -13421. Is q prime?
True
Let t(v) be the second derivative of -v**5/20 + v**4/12 + v**2/2 - 4*v. Let j(c) = 4*c**2 - 11*c + 2. Let o(x) = -j(x) + t(x). Is o(-7) a composite number?
True
Suppose 12*i + 72*i - 37004268 = 0. Is i prime?
True
Let v be ((-2142)/(-8) - -6) + (-1)/(-4). Is 7 + (8 - -31*v) prime?
False
Is (-25)/(600/(-47052)) + (-6)/4 a prime number?
False
Let a(w) = -5881*w**3 + 3*w**2 - 66*w - 273. Is a(-4) prime?
False
Let d = 14012 + 757131. Is d a composite number?
False
Let d(h) = 46*h**2 + 4*h + 15. Is d(-26) prime?
False
Let u(c) = 34*c**3 + 2*c**2 + 4*c + 8. Let w be u(-2). Let q be w/(-99) + (1 - (-5)/(-3)). Suppose -q*b + 1261 = -537. Is b composite?
True
Suppose 5*n - 1550251 = -2*y, n - 4442 = 4*y + 305617. Is n composite?
True
Suppose 9*n - 3*n + 2304 = 0. Let x = 110 - n. Let l = x + 63. Is l composite?
False
Suppose -77*u + 20*u + 10186060 = 11*u. Is u a prime number?
False
Is 8030 + 6 + 3 + 0 prime?
True
Let v = -133809 + 240710. Is v a composite number?
True
Suppose 2*r - 170931 = -5*m + 260870, 5*r = m + 1079462. Is r a prime number?
True
Let n be ((-1)/2)/((-518636)/(-103728) + -5). Suppose 378768 = 18*f - n. Is f a composite number?
True
Let x be ((-10)/(-15))/((-6)/(-63)). Let k(l) = 75*l**2 - 7*l + 3. Is k(x) prime?
False
Let j = -95 + 107. Suppose j*b + 8*b = 104380. Is b a prime number?
False
Let x(s) = 318*s + 35. Let f be x(-4). Let v = f - -3354. Is v prime?
False
Is 153/(-102)*(-791160 - 2) a composite number?
True
Suppose 187 = 11*i - 0*i. Let l(u) = 106*u - 48. Is l(i) composite?
True
Let m(h) = -15*h - 1. Let t be m(6). Let o = 101 + t. Suppose -o*u = 332 - 8742. Is u a prime number?
False
Suppose -12*v + 7*v = -1755. Let p = v - 161. Suppose 3*r = 4*c + 287, 0 = -r - r + 4*c + p. Is r prime?
True
Suppose 22 = 5*l - 2*t, -5*l + 24 = -11*t + 7*t. Suppose -l*z = -m - 30459, -4*z - 5*m + 15957 = -14508. Is z composite?
True
Suppose -4*n = 28 - 104. Suppose n*f + 44081 = 131652. Is f a composite number?
True
Suppose 327*q - 27854195 = 268*q. Is q composite?
True
Let n be ((-186)/(-155))/(1 - 3/5). Suppose -3*r + 6 = 0, k + 0*k - 2603 = n*r. Is k composite?
False
Let x be 7/(-2)*2*(-24)/21. Suppose x*u - 10903 = -2511. Is u a prime number?
True
Let s(w) be the second derivative of -53*w**5/20 + w**4/6 + 2*w**3/3 + 3*w**2/2 + 2*w + 19. Let m = -7 + 5. Is s(m) prime?
False
Suppose 3*s - 2*w + 6420 = 0, 17*s - 2*w + 4282 = 15*s. Let y = -1099 - s. Is y composite?
False
Let y(w) = 613*w + 62. Is y(15) a prime number?
True
Suppose -3*n + 8*n - 19 = -2*s, n - 4*s = 17. Suppose -7 = 4*g - n*h, 11*g + h - 9 = 8*g. Is 56621/82*(g + -1)*2 a composite number?
False
Let b(r) = 16*r + 32. Let t be b(-2). Suppose -10*j + 1658 + 4652 = t. Is j a prime number?
True
Suppose -2*p = -3*u + 1139, -p + 3*p - 5*u + 1137 = 0. Let h = 1686 - p. Is h a prime number?
False
Suppose -11*g + 2*g = -54. Suppose -4424 = -g*f - 170. Is f prime?
True
Suppose 42*z = 22*z + 40. Let c = 528 - -238. Suppose -z*g + 244 = -c. Is g a prime number?
False
Let s = 83 + 57. Let m be (-12)/(-14)*s/15. Suppose 2*q - m*q = -7494. Is q composite?
False
Let a = 83 - 57. Is ((-1082)/2 + 0)/(a + -27) prime?
True
Let l(h) = h**3 - 5*h**2 - h + 5. Let n be l(5). Suppose b + 4 = 2*b, j + b - 911 = n. Is j prime?
True
Let u(y) = -20*y - 46. Let s(x) = 21*x - 27. Let n be s(6). Let f = -103 + n. Is u(f) prime?
False
Let u be 161392/(-440) - (-2*1)/(-10). Let x be -168*(21/(-2) - -2). Let g = u + x. Is g a prime number?
True
Let n = 376019 + -173290. Is n composite?
False
Suppose -40*n - 35*n + 66*n = -154773. Is n a prime number?
False
Let x(z) = 9720*z**2 - 5*z - 37. Is x(-4) composite?
True
Suppose -25*i + 233990 = 16565. Let p = i + -5108. Is p a prime number?
False
Let m be -6 + 13 + -5 + -2. Is m/(-1) + (-710631)/(-69) prime?
False
Let h = 50 - 34. Let x(i) = 2*i**3 - 33*i**2 + 18*i - 32. Let b be x(h). Suppose 4*d + u - 2224 = b, d + 58 = u + 619. Is d a prime number?
True
Let f = 15394 + 280905. Is f prime?
True
Suppose -g = -4*c + 32, 4*g + 142 + 1 = c. Let x = -36 - g. Suppose 2*j - 2294 = -4*z, x*j - 2*j + 5*z + 2312 = 0. Is j composite?
False
Let f(z) = 9*z**3 - 9*z**2 + 2*z + 1. Let n be f(3). Let m = -30 + n. Is m prime?
True
Suppose r = -3, -3*n - 5*r - 22 = -7. Suppose -91*b + 96*b - 25 = 0. Is b/(-15)*n - -1931 composite?
False
Suppose -20*d = -129 - 91. Suppose -9*j + d*j - 22953 = -5*l, -3*j - 13776 = -3*l. Is l a prime number?
True
Let n(s) = -34 + 18 + s + 1937*s**2 - 3*s + 18. Is n(1) a prime number?
False
Suppose 4*z - 5*i - 36 = 0, -z = -3*z - 3*i - 4. Suppose z*a + 8*a = 0. Let m(k) = -k + 23. Is m(a) a prime number?
True
Let w be (19/(-4) - -1)/(18/(-48)). Is (-11537)/(w/(70/(-7))) composite?
True
Suppose 3*s = 19*z - 20*z + 953711, s - 3*z = 317897. Is s a prime number?
True
Let c = 1859038 - 1005305. Is c a prime number?
True
Suppose -4*a + 0*y - 5*y + 110329 = 0, -3*y + 55165 = 2*a. Is a composite?
False
Suppose 0 = a - 31*a + 83610. Suppose -s - 4*b = -a, -5*b = -2 - 23. Is s prime?
True
Let d(t) = -761*t**3 - 16*t**2 - 223*t + 9. Is d(-8) composite?
True
Suppose 5*a - 1903 = 70542. Is a composite?
False
Is ((-895748)/112)/(196/(-48) + 4) prime?
False
Let u(p) = -222*p**2 + 17*p + 55. Let s(y) = -220*y**2 + 17*y + 57. Let d(x) = 6*s(x) - 7*u(x). Is d(-6) a prime number?
False
Let y(f) = 4*f**3 + 2*f**2 - 15*f + 10. Let p(r) = -5*r**3 - 2*r**2 + 14*r - 9. Let k(m) = 3*p(m) + 2*y(m). Is k(-6) comp